Determine k(1).
-91
Let x(k) = 22*k**2 - 80*k - 565. Give x(7).
-47
Let u(j) = 5*j**2 + 677*j + 7982. Give u(-13).
26
Let i(l) = -7*l**2 - 337*l - 1025. What is i(-3)?
-77
Let i(p) = 30*p**3 + 727*p**2 + 169*p + 114. Calculate i(-24).
90
Let l(k) = 3*k**3 - 159*k**2 - 38*k + 1980. Determine l(53).
-34
Let z(u) = -111*u + 7224. Give z(79).
-1545
Let m(r) = 151*r - 1669. Calculate m(5).
-914
Let m(a) = -a**2 + 15758*a - 1487995. What is m(95)?
-10
Let u(t) = 2088*t + 52179. Determine u(-25).
-21
Let k(y) = -18485*y - 4306996. Give k(-233).
9
Let o(v) = v**2 - 57900*v + 463130. Calculate o(8).
-6
Let q(r) = -r**2 - 75*r + 2105. Calculate q(-97).
-29
Let f(u) = 3*u**2 + 259*u + 501. Determine f(-84).
-87
Let r(o) = o**3 + 269*o**2 + 269*o + 272. Determine r(-268).
4
Let z(k) = -2*k**3 + 144*k**2 + 2009*k - 19. Calculate z(-12).
65
Let y(n) = 7*n**3 - 28*n**2 - 17*n + 64. Give y(-2).
-70
Let c(u) = -39701*u - 119068. What is c(-3)?
35
Let t(x) = -2*x**3 - 74*x**2 + 65*x - 445. Give t(-38).
-27
Let m(v) = 4*v**3 - 30*v**2 - 118*v + 875. What is m(7)?
-49
Let b(z) = -z**3 + 36*z**2 + 16*z - 1552. Determine b(35).
233
Let c(d) = 428*d**3 - 8*d**2 - 12*d + 21. Give c(1).
429
Let j(z) = 19*z**2 - 329*z + 139. What is j(17)?
37
Let r(v) = 8270*v - 1223968. Determine r(148).
-8
Let n(x) = x**2 - 1280*x - 46379. Give n(-35).
-354
Let w(z) = -495*z + 13685. What is w(27)?
320
Let q(t) = t**3 - 17*t**2 + 793*t - 8802. What is q(12)?
-6
Let l(r) = 154018*r + 54522369. What is l(-354)?
-3
Let l(i) = 8*i**3 + 200*i**2 + 452*i + 1932. Calculate l(-23).
0
Let q(d) = -4859*d - 46628. Determine q(-9).
-2897
Let d(t) = -2*t**3 + 110*t**2 + 177*t - 15330. Calculate d(54).
60
Let c(o) = 54*o + 77. Calculate c(-21).
-1057
Let q(c) = c**2 + 62*c - 3013. What is q(33)?
122
Let n(w) = 24*w**2 - 619*w + 3232. What is n(6)?
382
Let j(i) = 446*i**2 - 292568*i - 5253. Determine j(656).
-5
Let g(r) = 4113*r + 3652367. Calculate g(-888).
23
Let g(l) = 2667886*l + 106715446. Determine g(-40).
6
Let b(y) = 2*y**2 + 176*y - 47455. What is b(116)?
-127
Let d(v) = -v**2 + 146143*v + 2192364. Determine d(-15).
-6
Let a(j) = 67*j**2 + 4021*j + 9. Give a(-60).
-51
Let h(p) = -2*p**2 - 9354*p - 84141. Calculate h(-9).
-117
Let m(y) = y**3 - 36*y**2 + 334*y - 69. Determine m(29).
3730
Let u(r) = 3991802*r - 15967222. Give u(4).
-14
Let t(j) = -j**2 - 490913*j - 1963642. Calculate t(-4).
-6
Let d(w) = -2*w**3 - 10*w**2 + 463*w - 274. What is d(-18)?
-184
Let j(z) = 702*z - 4914. Calculate j(7).
0
Let y(p) = 2*p**2 - 90*p + 990. Calculate y(32).
158
Let p(g) = -4*g**3 + 37*g**2 + 338*g + 97. Give p(15).
-8
Let n(k) = -937812*k + 937760. Determine n(1).
-52
Let x(a) = 3*a**2 + 74471*a - 595977. Calculate x(8).
-17
Let g(f) = 2*f**2 + 7661*f + 22. What is g(0)?
22
Let h(y) = y**3 + y**2 + 229*y + 1. Determine h(0).
1
Let s(b) = -b**3 + 95*b**2 - 182*b + 8264. What is s(94)?
-8
Let c(y) = -6*y**2 - y + 30. Determine c(4).
-70
Let q(o) = 2*o**3 + 1216*o**2 - 83075*o + 3390. What is q(-670)?
40
Let t(v) = -v**2 - 17*v + 19578. Calculate t(-149).
-90
Let t(k) = 12*k**3 - 90*k**2 - 7908*k + 55644. What is t(7)?
-6
Let u(b) = b**3 - 196*b**2 - 1007*b + 733. Determine u(201).
331
Let x(p) = 87*p - 14019. Give x(145).
-1404
Let y(l) = 422*l + 4872. Give y(-13).
-614
Let r(h) = 6*h**2 + 441*h + 3420. What is r(-8)?
276
Let w(n) = -3*n**3 + 17*n**2 + 789*n + 3178. What is w(-5)?
33
Let r(q) = -11*q**2 - 5087*q + 23362. Determine r(-467).
12
Let t(j) = -6*j**2 + 609*j - 2735. What is t(98)?
-677
Let k(t) = -3*t**3 - 366*t**2 - 726*t + 477. Give k(-120).
1197
Let j(w) = 2*w**2 - 504*w - 10317. Give j(271).
-19
Let c(j) = j**2 + 2167*j + 257166. Calculate c(-126).
0
Let z(p) = -2*p**3 - 222*p**2 + 907*p - 1725. What is z(-115)?
-230
Let r(n) = -3*n**2 + 4*n + 16. Calculate r(5).
-39
Let g(c) = -6*c**3 + 12*c**2 - 77025*c + 77013. What is g(1)?
-6
Let t(s) = -14*s**2 - 1004*s + 1008. Calculate t(1).
-10
Let h(k) = 2171*k - 162834. What is h(75)?
-9
Let f(j) = -17*j**3 + 202*j**2 + 79*j - 642. What is f(12)?
18
Let o(s) = -2*s**3 + 6*s**2 + 70*s + 256. Calculate o(-6).
484
Let q(u) = -u**3 - 204*u**2 - 1382*u + 4. Give q(-7).
25
Let c(h) = h**3 + 18*h**2 + 219*h + 2569. Give c(-13).
567
Let u(s) = 10*s**2 + 803*s - 7579. Determine u(-89).
164
Let t(y) = y**3 + 120*y**2 + 254*y + 45406. Give t(-121).
31
Let d(p) = -1798*p + 114336. Determine d(64).
-736
Let w(i) = -52*i - 2075. Determine w(-46).
317
Let i(k) = -132*k**2 + 100*k + 228. Give i(-2).
-500
Let d(h) = h**2 + 154*h + 4300. What is d(-31)?
487
Let r(t) = -6290*t**2 - 364821*t - 84. What is r(-58)?
-26
Let p(i) = -2*i**2 + 2037*i + 166541. Determine p(-76).
177
Let k(t) = 23729*t - 284774. Determine k(12).
-26
Let d(g) = 1003*g - 8440. Give d(7).
-1419
Let t(p) = 283327*p + 1416616. Give t(-5).
-19
Let t(u) = 202*u - 6790. Give t(35).
280
Let t(g) = -112037*g + 9747215. Give t(87).
-4
Let m(v) = v**3 - 15*v**2 - 281*v + 4145. Calculate m(17).
-54
Let c(y) = -6*y**2 - 477*y - 2338. What is c(-5)?
-103
Let r(y) = 8472*y - 40374. Determine r(5).
1986
Let k(y) = 254*y - 3099. Give k(10).
-559
Let b(q) = q**3 - 153*q**2 + 280*q + 620. Give b(151).
-2702
Let v(w) = -21*w**2 + 269*w + 1377. Give v(-5).
-493
Let t(i) = i**2 - 188*i - 20312. Determine t(-77).
93
Let t(b) = -b**2 - 182*b - 7898. Calculate t(-110).
22
Let d(o) = 3*o**3 + 178*o**2 + 233*o + 86. Give d(-58).
28
Let a(w) = 13*w**3 - 3058*w**2 - 2357*w - 334. Determine a(236).
374
Let b(v) = 636*v - 159640. Give b(251).
-4
Let h(q) = 164249*q + 821242. Give h(-5).
-3
Let f(m) = 158250*m + 1899001. Determine f(-12).
1
Let w(j) = 381*j**2 + 542*j - 219. Give w(-2).
221
Let p(c) = 1142*c + 21653. Calculate p(-19).
-45
Let l(p) = 965*p + 5569. Give l(-6).
-221
Let y(u) = 24*u**3 + 1510*u**2 - 126*u - 30. Determine y(-63).
-30
Let b(g) = 40*g**2 + 1310*g + 6412. Give b(-6).
-8
Let g(q) = -16*q**3 - 50*q**2 - 28694*q - 86061. Determine g(-3).
3
Let w(g) = -g**3 - 181*g**2 + 1099*g + 169. Calculate w(6).
31
Let q(c) = -14111*c**2 - 677328*c. What is q(-48)?
0
Let j(u) = 10*u**3 + 1624*u**2 + 3841*u + 174. What is j(-160)?
14
Let b(z) = -z**2 - 880*z + 85211. What is b(88)?
27
Let p(m) = -3*m**3 - 206*m**2 + 657*m + 40564. Give p(-69).
-8
Let v(i) = -i**3 - 31*i**2 - 270*i + 168. What is v(-14)?
616
Let k(u) = -11*u**2 - 93*u - 32. Calculate k(-10).
-202
Let w(v) = -111*v**2 - 1680*v - 235. Determine w(-15).
-10
Let b(t) = -456*t**2 + 17027*t - 5723. What is b(37)?
12
Let u(n) = 29*n**2 - 870*n + 6. Determine u(30).
6
Let d(c) = -90179*c - 1262503. Calculate d(-14).
3
Let o(m) = 2*m**3 - 58*m**2 + 2957*m - 85760. What is o(29)?
-7
Let h(n) = -110*n + 3009. Give h(32).
-511
Let w(k) = k**3 + 87*k**2 - 150*k + 2508. Give w(-89).
16
Let b(w) = -42904*w - 257427. Calculate b(-6).
-3
Let n(m) = -30497*m - 182999. Give n(-6).
-17
Let g(h) = 5*h**3 + 1798*h**2 - 679*h + 14949. Give g(-360).
189
Let n(d) = 1777*d - 60825. Calculate n(34).
-407
Let i(k) = k**2 - 574*k + 72643. Calculate i(188).
75
Let n(q) = -14*q**3 - 640*q**2 + 201*q + 769. Determine n(-46).
-13
Let s(u) = 887009*u + 23062240. Determine s(-26).
6
Let z(h) = -1937*h - 325. What is z(-1)?
1612
Let k(p) = -15176*p + 17. Give k(0).
17
Let j(w) = w**3 - 13*w**2 + 10*w + 504. What is j(6)?
312
Let n(m) = -55*m**2 - 4349*m - 81963. What is n(-31)?
1
Let l(a) = -572276*a + 572293. Give l(1).
17
Let z(b) = 8*b**2 - 474*b - 114. Determine z(60).
246
Let y(v) = 192378*v - 769297. Give y(4).
215
Let y(g) = 1468*g + 5540. Calculate y(-4).
-332
Let r(t) = 25*t - 1460. Calculate r(163).
2615
Let p(x) = 27*x**2 + 14*x + 64. Calculate p(0).
64
Let n(f) = -3*f**2 + 12301*f - 36882. Give n(3).
-6
Let o(m) = 4*m**3 - 28*m**2 + 216*m - 1002. Give o(12).
4470
Let v(m) = 3*m**2 - 73*m - 51. What is v(19)?
-355
Let m(n) = -3*n**3 + 136*n**2 - 210*n - 3690. Determine m(43).
223
Let p(j) = 3*j**2 + 22*j - 70. What is p(10)?
450
Let m(z) = -z**2 - 84990*z - 1614439. What is m(-19)?
10
Let t(u) = -4*u**2 + 1261*u + 19073. Determine t(330).
-397
Let l(d) = 94646*d + 567283. What is l(-6)?
-593
Let z(t) = -22*t**3 - 308*t**2 - 90*t - 1275. Calculate z(-14).
-15
Let k(b) = 93*b**2 - 13*b - 7. What is k(-2)?
391
Let v(g) = 23316*g - 1025910. Determine v(44).
-6
Let s(m) =